divided by o.
90
Suppose -48*w = -43*w - 385. Let y(h) = -20*h - 1. What is the remainder when w is divided by y(-2)?
38
Calculate the remainder when 20193/4 - (140/16)/7 is divided by 11.
9
Let h(s) = 101*s - 2156. Calculate the remainder when 389 is divided by h(22).
59
Let h(x) = 558*x + 7378. Calculate the remainder when 135 is divided by h(-13).
11
Let l(c) = -c**3 + 8*c**2 + 10*c + 9. Let b be 1/((-5)/10) - -11. Calculate the remainder when 52 is divided by l(b).
16
What is the remainder when ((-60)/16 + 2 + 1)/((-51)/6528) is divided by 46?
4
Suppose -g - 4*l = -119, 4*g + 0*g - 4*l = 416. Let n = -54863 + 54918. What is the remainder when g is divided by n?
52
Let r = 1010 - 500. Let o = 579 - r. Calculate the remainder when 205 is divided by o.
67
Let j(q) = 4*q**2 + 15*q - 2. Suppose 0 = -5*i - 95 + 60. Calculate the remainder when j(i) is divided by 23.
20
Let n be -1 + 106 + 12/(-2). Suppose -5*p + 165 = -t, 0*t = -3*p + 5*t + n. Calculate the remainder when 83 is divided by p.
17
Suppose -4*g + n = -47 + 18, 5*g = n + 36. Suppose 0 = -4*d + 43 + 53. What is the remainder when d is divided by g?
3
Calculate the remainder when 7706 is divided by (-687)/(-7) - 4 - (1/7 - 0).
92
Suppose y + 176 = 3*y. Let v = -70 - -58. What is the remainder when y is divided by ((-20)/2)/(8/v)?
13
Let w be ((-12)/(-8))/((-3)/(-342)*-1). Suppose 0 = -7*t - 8*t + 4545. Let j = w + t. What is the remainder when j is divided by 45?
42
Let s be 3/(-12) + (-42)/24. What is the remainder when 27 is divided by -2*(s + 55/(-10))?
12
Suppose 3111 + 4369 = 34*d. What is the remainder when 629 is divided by d?
189
Let p = 174 - 73. What is the remainder when p is divided by -6 + (3 - 2) + (-9 - -49)?
31
Let q(y) = 2*y - 24. Let s be q(-17). Let w = s - -62. Suppose 2*v = 5*t + 69, 2*v = w*v - t - 57. Calculate the remainder when 159 is divided by v.
24
Let d(n) = -5*n**2 + 13*n + 7. Let l(c) = 6*c**2 - 14*c - 6. Let k(p) = -5*d(p) - 4*l(p). Calculate the remainder when (-1 + 4 - -18)*2 is divided by k(11).
9
Let z = -1749 + 1779. What is the remainder when 98 is divided by z?
8
What is the remainder when 1/12 + 10 + (-89206)/(-312) is divided by 34?
24
Suppose 276*b - 35604 = 138*b. What is the remainder when b is divided by 117?
24
Let h(b) = 3*b**2 + 2. Suppose -26*a + 25*a = -18*i + 4078, 494 = 2*i + 5*a. What is the remainder when i is divided by h(-3)?
24
Let z(t) = -t**2 - 11*t - 16. Let k be z(-3). Suppose -f = -4*m + 12 + 6, -2*f = -m + k. Calculate the remainder when 71 is divided by m.
3
Suppose -4*v + 191 = c, -2*v = -3*c - 2*c - 123. Suppose -19*o + v = -18*o. Let m(l) = 4*l**2 + 3*l + 3. What is the remainder when o is divided by m(-2)?
10
Suppose 2*w - 2577 = -381. Suppose 82 + w = 20*d. Calculate the remainder when 172 is divided by d.
54
Suppose 4*d - 3 = 3*d. Suppose 4*b - d*z = 40, -3*b + 4*b - 10 = -5*z. Suppose -b = -11*l + 6*l. Calculate the remainder when 13 is divided by l.
1
Let n(k) = -8*k + 110. Let h be n(25). Let x = h + 98. Calculate the remainder when (-2)/3 - (-53)/3 is divided by x.
1
Let c(x) = 95*x - 71. Let v be c(4). Let w = 322 - v. Let j(g) = g**3 + 8*g**2 + 8*g + 1. What is the remainder when j(-6) is divided by w?
12
Suppose -15413 = -2*d + 4*y - 2187, -y = -2*d + 13217. What is the remainder when d is divided by 16?
15
Suppose -1 = -2*y + 23. Let x(s) = s**3 - 12*s**2 + 10*s - 52. What is the remainder when x(y) is divided by 35?
33
Suppose -24*r - 35*r = -64*r + 480. Let c = 13 + -7. Let u(f) = 3*f - 9. Calculate the remainder when r is divided by u(c).
6
Suppose -m = 2*m + 363. Let f(k) = -k**3 + 12*k**2 + 25*k - 48. Let n be f(14). Let u = n - m. What is the remainder when u is divided by 9?
4
Let j(c) = 104*c**2 + 301*c + 302. What is the remainder when 252 is divided by j(-1)?
42
Let h(y) = 14*y**2 + y + 15. Let d be h(-4). Let j = d + -196. What is the remainder when 89 is divided by j?
11
Suppose 20*n - 12*n = 135*n - 359410. Calculate the remainder when n is divided by 158.
144
Let t be (99/(-66) + 14/12)*-9. Suppose t*z + 210 = 13*z. Calculate the remainder when ((-72)/(-2) - -2) + 2 is divided by z.
19
Let r = 14 - -9. Suppose -19*x + 153 = -75. Calculate the remainder when -1*r*(0 - 1) is divided by x.
11
Suppose -26 = 3*i - 4*g, 2*i + 4*g + 6 = 22. Suppose -2*s + 165 = -59. Calculate the remainder when s is divided by 4/(-20) + (i - (-402)/10).
36
Let t = 2717 + -2639. What is the remainder when 221 is divided by t?
65
Suppose 0 = 3*h - 24, 3*h - 52 = -r + 31. Calculate the remainder when 185 is divided by r.
8
Let q(m) = m**3 + m - 2. Let h(b) = 40*b**3 - 17. Let n(x) = -h(x) + 6*q(x). What is the remainder when n(-1) is divided by 15?
3
Let w(a) be the first derivative of -2*a**2 - 3*a - 4. Let p(h) = 19*h + 206. What is the remainder when p(-9) is divided by w(-4)?
9
Let d(r) = r**3 - 19*r**2 - 28*r + 31. What is the remainder when 612 is divided by d(21)?
287
What is the remainder when ((27/(-10))/(597/995))/((-3)/152) is divided by 46?
44
Suppose 117*u + 173*u = 24*u + 43624. Calculate the remainder when u is divided by 51.
11
Let l = -27 - -24. Let s be ((-33)/9 + 3)*l. Suppose -s*a - 12 = -3*a. What is the remainder when 17 is divided by a?
5
Let w = 9462 - 9391. What is the remainder when w is divided by 17?
3
Let p be (-553)/(-19) - (-78)/(-741). Calculate the remainder when 141 is divided by p - 25 - (-27 + 1).
21
Let k = -23989 + 25450. Calculate the remainder when k is divided by 56.
5
Let l(n) = 2*n + 4. Let b be l(-6). Let a(i) = -i**2 + 17*i + 867. Calculate the remainder when ((-234)/b)/(3/8) is divided by a(-22).
6
Let b = -15 - -35. Suppose 95*m + 17*m - 17064 = 4*m. What is the remainder when m is divided by b?
18
What is the remainder when 995 is divided by (-167956)/(-995) + 28/(-10)?
165
Let s(u) = 8*u**2 + 8*u + 6 - 4 + 7 - u**3 + 7. Let g be -24*(-10)/(560/21). What is the remainder when 11 is divided by s(g)?
4
Suppose 1 = -i, 2*i + i - 13 = -4*h. Suppose 0 = 9*u - h*u + 255. Let t = 116 + u. What is the remainder when t is divided by 33?
32
Let t(v) = 363*v + 14423. Calculate the remainder when t(-31) is divided by 61.
59
Let b = 6299 - 6140. What is the remainder when b is divided by 18?
15
Let f = -10699 - -10751. What is the remainder when 1760 is divided by f?
44
Suppose 3*d = 2*d + 18. Suppose -22 - d = -4*o. Let t(x) = -x**3 - 43*x**2 + 3*x + 206. What is the remainder when t(-43) is divided by o?
7
Let g = 4266 - 4226. Calculate the remainder when 158 is divided by g.
38
What is the remainder when 1164 is divided by (88/(-16) - -5)/((-20)/7720)?
6
Let s = -1304 - -1312. Calculate the remainder when s is divided by 4.
0
Suppose -5*k = -k - 8, -5*j - 45 = 5*k. Let h = j - -33. Suppose -61*c = -54*c - 56. What is the remainder when h is divided by c?
6
Let i = -2814 + 2839. Calculate the remainder when 7224 is divided by i.
24
What is the remainder when 564 is divided by (88 - (-21 + 10))/1?
69
Let y be (-5)/(90/24)*(-225)/(-2). Let h be (2 + (-12)/10)/((-12)/y). Suppose -h*x = 124 - 394. What is the remainder when 103 is divided by x?
22
Let s(h) = h**3 - 12*h**2 - 30*h + 536. Calculate the remainder when s(11) is divided by 55.
30
Suppose -46*t = -22*t - 41*t + 3689. Calculate the remainder when t is divided by 52.
9
Suppose 9*k - 41 - 427 = 0. Suppose 3*h + 5*m = 188, 192 = 4*h + 5*m - k. Calculate the remainder when 334 is divided by h.
54
Let d(h) = 134*h**2 + 36*h + 74. Let u = -29 - -83. What is the remainder when d(-2) is divided by u?
52
Suppose -5*h = -2*q - 27, -36 = 3*q - 2*h - 1. Let i be (5/((-10)/(-84)))/(-10 - q). Let d = -39 + i. What is the remainder when 7 is divided by d?
1
Suppose 245*o - 410091 = -59*o + 1270725. Calculate the remainder when o is divided by 1839.
12
Let c = 23 + -7. Suppose 46*b - 2816 - 1186 = 0. What is the remainder when b is divided by c?
7
Let p(o) = 4*o**3 + 397*o**2 - 307*o - 463. Calculate the remainder when p(-100) is divided by 137.
100
Suppose d - 3*k = 6*d - 200, -3*k = 4*d - 160. Calculate the remainder when 168 is divided by d.
8
Let p = 398 + -320. What is the remainder when 318 is divided by 0 + 2 + p - (-37 - -37)?
78
Let u(b) = 18*b - 3. Let x be 1 + (-5)/(-30)*6. What is the remainder when u(2) is divided by ((-38)/4)/